027 and 23?
23
Calculate the greatest common divisor of 161296 and 1186.
1186
Calculate the highest common factor of 10001052 and 228537.
3411
What is the highest common factor of 37994 and 101191838?
3454
Calculate the greatest common divisor of 682 and 1430582978.
682
What is the highest common divisor of 669 and 42672165?
669
What is the greatest common factor of 36757 and 103479054?
623
What is the highest common factor of 75 and 1752200?
25
Calculate the greatest common divisor of 159713511 and 1527.
1527
Calculate the greatest common factor of 6477 and 5223777.
51
Calculate the highest common divisor of 86775 and 3311295.
195
Calculate the greatest common divisor of 7728 and 17733828.
1932
Calculate the greatest common factor of 6444 and 1858788.
36
What is the greatest common divisor of 213194 and 23691803?
2479
What is the highest common factor of 1586655 and 894240?
3105
Calculate the greatest common factor of 165 and 52593684.
33
What is the greatest common divisor of 1743 and 253731?
249
What is the highest common factor of 17500 and 594160?
140
Calculate the greatest common factor of 2419413 and 885.
177
Calculate the highest common divisor of 172548662 and 494.
26
Calculate the greatest common divisor of 8810898 and 1710707.
15139
Calculate the greatest common divisor of 62530 and 2085135.
2405
Calculate the greatest common factor of 74852658 and 474.
474
What is the highest common factor of 21380230 and 160?
10
What is the greatest common factor of 277 and 10811033?
277
Calculate the highest common factor of 168811 and 1321.
1
What is the highest common factor of 5243 and 354589333?
5243
What is the greatest common factor of 46088916 and 1586?
122
Calculate the highest common divisor of 286880 and 283360.
1760
What is the highest common divisor of 142884172 and 2956?
2956
What is the highest common factor of 13728 and 158444?
572
What is the highest common divisor of 17617668 and 6204?
564
Calculate the highest common factor of 17 and 1352279042.
17
Calculate the greatest common factor of 3574 and 1189999040.
3574
Calculate the highest common divisor of 7325391 and 306741.
5199
What is the highest common factor of 342 and 14212836?
342
Calculate the greatest common divisor of 6144985 and 16555.
385
Calculate the greatest common factor of 4420468 and 6344.
52
What is the greatest common divisor of 5373400 and 670?
670
What is the highest common factor of 90 and 14814660?
30
Calculate the greatest common factor of 1724989 and 673379.
581
Calculate the highest common factor of 10251 and 141159687.
3417
What is the greatest common factor of 36714 and 74?
2
Calculate the highest common divisor of 290297 and 30849.
791
What is the greatest common divisor of 1214064 and 72560?
16
What is the highest common divisor of 190250 and 500?
250
What is the greatest common divisor of 12 and 19754094?
6
Calculate the highest common factor of 614 and 613350081.
307
What is the highest common factor of 20907645 and 2475?
165
Calculate the highest common factor of 1527233 and 15987.
73
What is the highest common divisor of 29958696 and 3318?
474
What is the greatest common divisor of 30927 and 2691663?
507
Calculate the greatest common divisor of 7497 and 104057.
17
Calculate the highest common factor of 51400 and 609800.
200
Calculate the greatest common factor of 808551085 and 18478.
9239
Calculate the greatest common factor of 147016 and 374.
34
What is the greatest common divisor of 1404296 and 3480?
232
Calculate the highest common divisor of 68645178 and 2254.
98
What is the greatest common factor of 8540793 and 14335?
2867
What is the highest common divisor of 110 and 3370565?
55
What is the greatest common factor of 748578412 and 1644?
548
Calculate the highest common factor of 9 and 142805.
1
Calculate the highest common divisor of 955 and 356502073.
191
Calculate the highest common divisor of 10440 and 29385.
45
Calculate the greatest common divisor of 977049 and 1593.
27
Calculate the highest common divisor of 23856 and 2500080.
48
Calculate the greatest common divisor of 7830 and 18781995.
435
Calculate the highest common factor of 1022 and 27375803.
511
What is the highest common divisor of 17701 and 279403?
31
Calculate the greatest common divisor of 1426278820 and 1220.
1220
Calculate the greatest common divisor of 296182054 and 7.
7
What is the highest common factor of 874743 and 93?
3
Calculate the highest common factor of 307834080 and 6.
6
What is the highest common factor of 154049233 and 26?
13
What is the highest common divisor of 1854 and 31203?
9
Calculate the greatest common factor of 24633 and 56096770.
391
What is the greatest common factor of 15379160 and 80?
40
What is the greatest common factor of 66727 and 105947?
53
What is the highest common factor of 2652 and 473841?
51
What is the greatest common factor of 7497 and 3183579?
441
What is the highest common factor of 59 and 61891?
59
What is the greatest common factor of 1223277 and 627?
627
Calculate the greatest common divisor of 75 and 33675.
75
What is the greatest common factor of 15190 and 4402930?
2170
What is the greatest common factor of 104 and 3755032?
8
What is the highest common divisor of 337192185 and 1815?
165
Calculate the highest common factor of 20662 and 5832.
2
What is the greatest common divisor of 101257 and 15938?
13
Calculate the highest common factor of 4160924 and 3268.
76
What is the highest common factor of 5305573 and 91?
91
Calculate the greatest common factor of 84470 and 20.
10
What is the highest common factor of 2634 and 3027783?
1317
Calculate the highest common divisor of 540770113 and 13.
13
What is the highest common factor of 1428 and 6588673?
119
Calculate the greatest common factor of 3008 and 1758921984.
3008
What is the greatest common factor of 208 and 85776?
16
What is the highest common factor of 363770 and 12650?
110
What is the highest common factor of 1 and 10553497?
1
Calculate the highest common factor of 798324 and 21.
3
Calculate the greatest common divisor of 59760536 and 6402.
2134
What is the highest common factor of 2905796880 and 144?
144
What is the highest common factor of 511364610 and 4870?
4870
Calculate the highest common divisor of 6208 and 621216.
32
Calculate the highest common factor of 99 and 6268471.
11
Calculate the highest common factor of 299 and 324484.
23
Calculate the highest common factor of 2 and 700471.
1
What is the greatest common divisor of 41395 and 204085?
85
Calculate the greatest common factor of 11000 and 71031500.
500
What is the highest common divisor of 1482885 and 1085?
155
Calculate the greatest common factor of 3283530920 and 1681.
1681
Calculate the greatest common divisor of 116012 and 2591355.
1261
Calculate the greatest common divisor of 116179 and 1463.
7
Calculate the highest common factor of 132215 and 2136210.
155
What is the highest common factor of 74904 and 20496?
24
What is the greatest common divisor of 302926 and 102724?
122
What is the highest common factor of 739 and 12135119?
739
Calculate the highest common divisor of 2682 and 4583160.
18
What is the highest common factor of 797727837 and 11598?
5799
What is the greatest common factor of 28118300 and 20?
20
What is the highest common divisor of 395625 and 48125?
625
Calculate the greatest common factor of 772502 and 27550.
1102
What is the greatest common factor of 48597 and 106713?
501
What is the greatest common factor of 942304 and 15840?
352
What is the greatest common factor of 21727404 and 17856?
1116
Calculate the highest common factor of 171255 and 1605.
15
What is the greatest common factor of 32912299 and 574?
287
What is the highest common divisor of 426 and 24574378?
142
What is the greatest common divisor of 374599 and 583109?
719
Calculate the greatest common factor of 278635 and 105169.
419
What is the highest common divisor of 200 and 5154340?
20
Calculate the greatest common factor of 427 and 33629178.
61
What is the greatest common divisor of 90440467 and 5811?
1937
Calculate the greatest common factor of 16599 and 4139187.
1509
What is the highest common divisor of 1103858 and 574?
14
Calculate the highest common divisor of 1515278 and 220949.
697
Calculate the highest common factor o